{"id":39,"date":"2025-10-16T16:59:17","date_gmt":"2025-10-16T16:59:17","guid":{"rendered":"https:\/\/vmezdi.mojweb.com.hr\/?page_id=39"},"modified":"2025-10-16T18:54:55","modified_gmt":"2025-10-16T18:54:55","slug":"ponuda","status":"publish","type":"page","link":"https:\/\/vmezdi.mojweb.com.hr\/index.php\/ponuda\/","title":{"rendered":"Ponuda"},"content":{"rendered":"\t\t<div data-elementor-type=\"wp-post\" data-elementor-id=\"39\" class=\"elementor elementor-39\">\n\t\t\t\t<div class=\"elementor-element elementor-element-aa1ce33 e-flex e-con-boxed e-con e-parent\" data-id=\"aa1ce33\" data-element_type=\"container\">\n\t\t\t\t\t<div class=\"e-con-inner\">\n\t\t\t\t<div class=\"elementor-element elementor-element-b610b27 elementor-widget elementor-widget-text-editor\" data-id=\"b610b27\" data-element_type=\"widget\" data-widget_type=\"text-editor.default\">\n\t\t\t\t\t\t\t\t\t<p>Kada organizirate zabavu, posebice vjen\u010danje, bitno je da va\u0161i gosti u\u017eivaju, a glazba ima klju\u010dnu ulogu u tome. Ako se raspitate kod ljudi koji su ve\u0107 organizirali vjen\u010danja ili su bili na mnogima, uvijek \u0107ete \u010duti istu stvar: kada odaberete pravu glazbu, obavili ste pola posla. Odaberite band s kojim se dobro sla\u017eete i koji \u0107e vam pru\u017eiti vrhunsku zabavu i nezaboravne uspomene.<\/p>\t\t\t\t\t\t\t\t<\/div>\n\t\t\t\t\t<\/div>\n\t\t\t\t<\/div>\n\t\t<div class=\"elementor-element elementor-element-bdee7b2 e-flex e-con-boxed e-con e-parent\" data-id=\"bdee7b2\" data-element_type=\"container\">\n\t\t\t\t\t<div class=\"e-con-inner\">\n\t\t\t\t<div class=\"elementor-element elementor-element-cd53c77 elementor-widget elementor-widget-heading\" data-id=\"cd53c77\" data-element_type=\"widget\" data-widget_type=\"heading.default\">\n\t\t\t\t\t<h2 class=\"elementor-heading-title elementor-size-default\">Zabavna i urbana vjen\u010danja<\/h2>\t\t\t\t<\/div>\n\t\t\t\t\t<\/div>\n\t\t\t\t<\/div>\n\t\t<div class=\"elementor-element elementor-element-8b2d1d7 e-con-full e-flex e-con e-parent\" data-id=\"8b2d1d7\" data-element_type=\"container\">\n\t\t<div class=\"elementor-element elementor-element-e9eb5f6 e-con-full e-flex e-con e-child\" data-id=\"e9eb5f6\" data-element_type=\"container\">\n\t\t\t\t<div class=\"elementor-element elementor-element-d54300a elementor-widget elementor-widget-text-editor\" data-id=\"d54300a\" data-element_type=\"widget\" data-widget_type=\"text-editor.default\">\n\t\t\t\t\t\t\t\t\t<p>Dobar band za svadbe je klju\u010dan za stvaranje atmosfere, a va\u017eno je odabrati iskusni band koji mo\u017ee prilagoditi svoj repertoar va\u0161im \u017eeljama i ukusu va\u0161ih gostiju te stvoriti nezaboravnu atmosferu.\u00a0<\/p><p>Obratite pozornost na kvalitetu zvuka i izvedbe. Band mora biti sposoban svirati razli\u010dite \u017eanrove i poznavati tradicionalne plesove, prilagoditi se situaciji i atmosferi.<\/p>\t\t\t\t\t\t\t\t<\/div>\n\t\t\t\t<\/div>\n\t\t<div class=\"elementor-element elementor-element-100542e e-con-full e-flex e-con e-child\" data-id=\"100542e\" data-element_type=\"container\">\n\t\t\t\t<div class=\"elementor-element elementor-element-ead7650 elementor-widget__width-initial elementor-widget elementor-widget-image\" data-id=\"ead7650\" data-element_type=\"widget\" data-widget_type=\"image.default\">\n\t\t\t\t\t\t\t\t\t\t\t\t\t\t\t<img fetchpriority=\"high\" decoding=\"async\" width=\"1024\" height=\"683\" src=\"https:\/\/vmezdi.mojweb.com.hr\/wp-content\/uploads\/2025\/10\/Lejla-Antonio-1249-1024x683.jpg\" class=\"attachment-large size-large wp-image-15\" alt=\"\" srcset=\"https:\/\/vmezdi.mojweb.com.hr\/wp-content\/uploads\/2025\/10\/Lejla-Antonio-1249-1024x683.jpg 1024w, https:\/\/vmezdi.mojweb.com.hr\/wp-content\/uploads\/2025\/10\/Lejla-Antonio-1249-300x200.jpg 300w, https:\/\/vmezdi.mojweb.com.hr\/wp-content\/uploads\/2025\/10\/Lejla-Antonio-1249-768x512.jpg 768w, https:\/\/vmezdi.mojweb.com.hr\/wp-content\/uploads\/2025\/10\/Lejla-Antonio-1249-1536x1024.jpg 1536w, https:\/\/vmezdi.mojweb.com.hr\/wp-content\/uploads\/2025\/10\/Lejla-Antonio-1249-2048x1365.jpg 2048w\" sizes=\"(max-width: 1024px) 100vw, 1024px\" \/>\t\t\t\t\t\t\t\t\t\t\t\t\t\t\t<\/div>\n\t\t\t\t<\/div>\n\t\t\t\t<\/div>\n\t\t<div class=\"elementor-element elementor-element-463b208 e-flex e-con-boxed e-con e-parent\" data-id=\"463b208\" data-element_type=\"container\">\n\t\t\t\t\t<div class=\"e-con-inner\">\n\t\t\t\t<div class=\"elementor-element elementor-element-dbc74ad elementor-widget elementor-widget-heading\" data-id=\"dbc74ad\" data-element_type=\"widget\" data-widget_type=\"heading.default\">\n\t\t\t\t\t<h2 class=\"elementor-heading-title elementor-size-default\">Korporativni eventi<\/h2>\t\t\t\t<\/div>\n\t\t\t\t\t<\/div>\n\t\t\t\t<\/div>\n\t\t<div class=\"elementor-element elementor-element-b660045 e-flex e-con-boxed e-con e-parent\" data-id=\"b660045\" data-element_type=\"container\">\n\t\t\t\t\t<div class=\"e-con-inner\">\n\t\t<div class=\"elementor-element elementor-element-d735cb7 e-con-full e-flex e-con e-child\" data-id=\"d735cb7\" data-element_type=\"container\">\n\t\t\t\t<div class=\"elementor-element elementor-element-1abbd19 elementor-widget elementor-widget-image\" data-id=\"1abbd19\" data-element_type=\"widget\" data-widget_type=\"image.default\">\n\t\t\t\t\t\t\t\t\t\t\t\t\t\t\t<img decoding=\"async\" width=\"1024\" height=\"576\" src=\"https:\/\/vmezdi.mojweb.com.hr\/wp-content\/uploads\/2025\/10\/Brown-Simple-Adventure-YouTube-Banner-1-1024x576.png\" class=\"attachment-large size-large wp-image-58\" alt=\"\" srcset=\"https:\/\/vmezdi.mojweb.com.hr\/wp-content\/uploads\/2025\/10\/Brown-Simple-Adventure-YouTube-Banner-1-1024x576.png 1024w, https:\/\/vmezdi.mojweb.com.hr\/wp-content\/uploads\/2025\/10\/Brown-Simple-Adventure-YouTube-Banner-1-300x169.png 300w, https:\/\/vmezdi.mojweb.com.hr\/wp-content\/uploads\/2025\/10\/Brown-Simple-Adventure-YouTube-Banner-1-768x432.png 768w, https:\/\/vmezdi.mojweb.com.hr\/wp-content\/uploads\/2025\/10\/Brown-Simple-Adventure-YouTube-Banner-1-1536x864.png 1536w, https:\/\/vmezdi.mojweb.com.hr\/wp-content\/uploads\/2025\/10\/Brown-Simple-Adventure-YouTube-Banner-1-2048x1152.png 2048w\" sizes=\"(max-width: 1024px) 100vw, 1024px\" \/>\t\t\t\t\t\t\t\t\t\t\t\t\t\t\t<\/div>\n\t\t\t\t<\/div>\n\t\t<div class=\"elementor-element elementor-element-4c80fa5 e-con-full e-flex e-con e-child\" data-id=\"4c80fa5\" data-element_type=\"container\">\n\t\t\t\t<div class=\"elementor-element elementor-element-822604c elementor-widget elementor-widget-text-editor\" data-id=\"822604c\" data-element_type=\"widget\" data-widget_type=\"text-editor.default\">\n\t\t\t\t\t\t\t\t\t<p>Posebno smo specijalizirani za korporativne evente i imamo iskustva u prilago\u0111avanju glazbe \u017eeljama i ukusu klijenata. Na\u0161a svirka je dinami\u010dna i raznolika, a usmjereni smo na stvaranje pozitivne atmosfere i zabave za sve prisutne.<\/p><p>Na\u0161 repertoar se temelji na svevremenim doma\u0107im i stranim hitovima, ali i na glazbenim \u017eanrovima poput jazza, funka, soula i rock\u2019n\u2019rolla.<\/p>\t\t\t\t\t\t\t\t<\/div>\n\t\t\t\t<\/div>\n\t\t\t\t\t<\/div>\n\t\t\t\t<\/div>\n\t\t<div class=\"elementor-element elementor-element-b2ad6c5 e-flex e-con-boxed e-con e-parent\" data-id=\"b2ad6c5\" data-element_type=\"container\">\n\t\t\t\t\t<div class=\"e-con-inner\">\n\t\t\t\t<div class=\"elementor-element elementor-element-cd37f0c elementor-widget elementor-widget-heading\" data-id=\"cd37f0c\" data-element_type=\"widget\" data-widget_type=\"heading.default\">\n\t\t\t\t\t<h2 class=\"elementor-heading-title elementor-size-default\">Koncerti i klupska svirka<\/h2>\t\t\t\t<\/div>\n\t\t\t\t\t<\/div>\n\t\t\t\t<\/div>\n\t\t<div class=\"elementor-element elementor-element-ebe5e0f e-flex e-con-boxed e-con e-parent\" data-id=\"ebe5e0f\" data-element_type=\"container\">\n\t\t\t\t\t<div class=\"e-con-inner\">\n\t\t\t\t<div class=\"elementor-element elementor-element-306ed05 elementor-widget elementor-widget-text-editor\" data-id=\"306ed05\" data-element_type=\"widget\" data-widget_type=\"text-editor.default\">\n\t\t\t\t\t\t\t\t\t<p>Za klubove i koncertne prostore nudimo energi\u010dnu svirku koja mo\u017ee zagrijati mase i stvoriti nezaboravno iskustvo za publiku. Na\u0161a glazba je idealna za razne prigode i doga\u0111aje, te uvijek nastojimo stvoriti nezaboravan do\u017eivljaj za sve prisutne.<\/p>\t\t\t\t\t\t\t\t<\/div>\n\t\t\t\t<div class=\"elementor-element elementor-element-db122b0 elementor-widget elementor-widget-video\" data-id=\"db122b0\" data-element_type=\"widget\" data-settings=\"{&quot;youtube_url&quot;:&quot;https:\\\/\\\/youtu.be\\\/yZMeS9tYFVA?si=VFbLJlyG1PEO-ain&quot;,&quot;video_type&quot;:&quot;youtube&quot;,&quot;controls&quot;:&quot;yes&quot;}\" data-widget_type=\"video.default\">\n\t\t\t\t\t\t\t<div class=\"elementor-wrapper elementor-open-inline\">\n\t\t\t<div class=\"elementor-video\"><\/div>\t\t<\/div>\n\t\t\t\t\t\t<\/div>\n\t\t\t\t<div class=\"elementor-element elementor-element-07de86c elementor-widget elementor-widget-heading\" data-id=\"07de86c\" data-element_type=\"widget\" data-widget_type=\"heading.default\">\n\t\t\t\t\t<h2 class=\"elementor-heading-title elementor-size-default\">Do\u010dek gostiju uz saksofon <\/h2>\t\t\t\t<\/div>\n\t\t\t\t\t<\/div>\n\t\t\t\t<\/div>\n\t\t<div class=\"elementor-element elementor-element-2a75e16 e-grid e-con-boxed e-con e-parent\" data-id=\"2a75e16\" data-element_type=\"container\">\n\t\t\t\t\t<div class=\"e-con-inner\">\n\t\t\t\t<div class=\"elementor-element elementor-element-bca14c0 elementor-widget elementor-widget-video\" data-id=\"bca14c0\" data-element_type=\"widget\" data-settings=\"{&quot;youtube_url&quot;:&quot;https:\\\/\\\/www.youtube.com\\\/watch?v=XHOmBV4js_E&quot;,&quot;video_type&quot;:&quot;youtube&quot;,&quot;controls&quot;:&quot;yes&quot;}\" data-widget_type=\"video.default\">\n\t\t\t\t\t\t\t<div class=\"elementor-wrapper elementor-open-inline\">\n\t\t\t<div class=\"elementor-video\"><\/div>\t\t<\/div>\n\t\t\t\t\t\t<\/div>\n\t\t\t\t<div class=\"elementor-element elementor-element-d521009 elementor-widget elementor-widget-video\" data-id=\"d521009\" data-element_type=\"widget\" data-settings=\"{&quot;youtube_url&quot;:&quot;https:\\\/\\\/www.youtube.com\\\/watch?v=XHOmBV4js_E&quot;,&quot;video_type&quot;:&quot;youtube&quot;,&quot;controls&quot;:&quot;yes&quot;}\" data-widget_type=\"video.default\">\n\t\t\t\t\t\t\t<div class=\"elementor-wrapper elementor-open-inline\">\n\t\t\t<div class=\"elementor-video\"><\/div>\t\t<\/div>\n\t\t\t\t\t\t<\/div>\n\t\t\t\t<div class=\"elementor-element elementor-element-6e73007 elementor-widget elementor-widget-image\" data-id=\"6e73007\" data-element_type=\"widget\" data-widget_type=\"image.default\">\n\t\t\t\t\t\t\t\t\t\t\t\t\t\t\t<img decoding=\"async\" src=\"https:\/\/vmezdi.mojweb.com.hr\/wp-content\/plugins\/elementor\/assets\/images\/placeholder.png\" title=\"\" alt=\"\" loading=\"lazy\" \/>\t\t\t\t\t\t\t\t\t\t\t\t\t\t\t<\/div>\n\t\t\t\t\t<\/div>\n\t\t\t\t<\/div>\n\t\t<div class=\"elementor-element elementor-element-246d5f0 e-flex e-con-boxed e-con e-parent\" data-id=\"246d5f0\" data-element_type=\"container\">\n\t\t\t\t\t<div class=\"e-con-inner\">\n\t\t\t\t<div class=\"elementor-element elementor-element-7ac4a1c elementor-widget elementor-widget-heading\" data-id=\"7ac4a1c\" data-element_type=\"widget\" data-widget_type=\"heading.default\">\n\t\t\t\t\t<h2 class=\"elementor-heading-title elementor-size-default\">Add Your Heading Text Here<\/h2>\t\t\t\t<\/div>\n\t\t\t\t\t<\/div>\n\t\t\t\t<\/div>\n\t\t<div class=\"elementor-element elementor-element-47ef922 e-flex e-con-boxed e-con e-parent\" data-id=\"47ef922\" data-element_type=\"container\">\n\t\t\t\t\t<div class=\"e-con-inner\">\n\t\t\t\t<div class=\"elementor-element elementor-element-4a667e5 elementor-widget elementor-widget-text-editor\" data-id=\"4a667e5\" data-element_type=\"widget\" data-widget_type=\"text-editor.default\">\n\t\t\t\t\t\t\t\t\t<p>Lorem ipsum dolor sit amet, consectetur adipiscing elit. Ut elit tellus, luctus nec ullamcorper mattis, pulvinar dapibus leo.<\/p>\t\t\t\t\t\t\t\t<\/div>\n\t\t\t\t\t<\/div>\n\t\t\t\t<\/div>\n\t\t\t\t<\/div>\n\t\t","protected":false},"excerpt":{"rendered":"<p>Kada organizirate zabavu, posebice vjen\u010danje, bitno je da va\u0161i gosti u\u017eivaju, a glazba ima klju\u010dnu ulogu u tome. Ako se raspitate kod ljudi koji su ve\u0107 organizirali vjen\u010danja ili su bili na mnogima, uvijek \u0107ete \u010duti istu stvar: kada odaberete pravu glazbu, obavili ste pola posla. Odaberite band s kojim se dobro sla\u017eete i koji [&hellip;]<\/p>\n","protected":false},"author":1,"featured_media":13,"parent":0,"menu_order":0,"comment_status":"closed","ping_status":"closed","template":"","meta":{"footnotes":""},"class_list":["post-39","page","type-page","status-publish","has-post-thumbnail","hentry"],"yoast_head":"<!-- This site is optimized with the Yoast SEO plugin v26.3 - https:\/\/yoast.com\/wordpress\/plugins\/seo\/ -->\n<title>Ponuda - Showtime Band<\/title>\n<meta name=\"robots\" content=\"index, follow, max-snippet:-1, max-image-preview:large, max-video-preview:-1\" \/>\n<link rel=\"canonical\" href=\"https:\/\/vmezdi.mojweb.com.hr\/index.php\/ponuda\/\" \/>\n<meta property=\"og:locale\" content=\"en_US\" \/>\n<meta property=\"og:type\" content=\"article\" \/>\n<meta property=\"og:title\" content=\"Ponuda - Showtime Band\" \/>\n<meta property=\"og:description\" content=\"Kada organizirate zabavu, posebice vjen\u010danje, bitno je da va\u0161i gosti u\u017eivaju, a glazba ima klju\u010dnu ulogu u tome. Ako se raspitate kod ljudi koji su ve\u0107 organizirali vjen\u010danja ili su bili na mnogima, uvijek \u0107ete \u010duti istu stvar: kada odaberete pravu glazbu, obavili ste pola posla. Odaberite band s kojim se dobro sla\u017eete i koji [&hellip;]\" \/>\n<meta property=\"og:url\" content=\"https:\/\/vmezdi.mojweb.com.hr\/index.php\/ponuda\/\" \/>\n<meta property=\"og:site_name\" content=\"Showtime Band\" \/>\n<meta property=\"article:modified_time\" content=\"2025-10-16T18:54:55+00:00\" \/>\n<meta property=\"og:image\" content=\"https:\/\/vmezdi.mojweb.com.hr\/wp-content\/uploads\/2025\/10\/Showtime-Band_Promo-foto_Vodoravna-scaled.jpg\" \/>\n\t<meta property=\"og:image:width\" content=\"2560\" \/>\n\t<meta property=\"og:image:height\" content=\"1704\" \/>\n\t<meta property=\"og:image:type\" content=\"image\/jpeg\" \/>\n<meta name=\"twitter:card\" content=\"summary_large_image\" \/>\n<meta name=\"twitter:label1\" content=\"Est. reading time\" \/>\n\t<meta name=\"twitter:data1\" content=\"2 minutes\" \/>\n<script type=\"application\/ld+json\" class=\"yoast-schema-graph\">{\"@context\":\"https:\/\/schema.org\",\"@graph\":[{\"@type\":\"WebPage\",\"@id\":\"https:\/\/vmezdi.mojweb.com.hr\/index.php\/ponuda\/\",\"url\":\"https:\/\/vmezdi.mojweb.com.hr\/index.php\/ponuda\/\",\"name\":\"Ponuda - Showtime Band\",\"isPartOf\":{\"@id\":\"https:\/\/vmezdi.mojweb.com.hr\/#website\"},\"primaryImageOfPage\":{\"@id\":\"https:\/\/vmezdi.mojweb.com.hr\/index.php\/ponuda\/#primaryimage\"},\"image\":{\"@id\":\"https:\/\/vmezdi.mojweb.com.hr\/index.php\/ponuda\/#primaryimage\"},\"thumbnailUrl\":\"https:\/\/vmezdi.mojweb.com.hr\/wp-content\/uploads\/2025\/10\/Showtime-Band_Promo-foto_Vodoravna-scaled.jpg\",\"datePublished\":\"2025-10-16T16:59:17+00:00\",\"dateModified\":\"2025-10-16T18:54:55+00:00\",\"breadcrumb\":{\"@id\":\"https:\/\/vmezdi.mojweb.com.hr\/index.php\/ponuda\/#breadcrumb\"},\"inLanguage\":\"en-US\",\"potentialAction\":[{\"@type\":\"ReadAction\",\"target\":[\"https:\/\/vmezdi.mojweb.com.hr\/index.php\/ponuda\/\"]}]},{\"@type\":\"ImageObject\",\"inLanguage\":\"en-US\",\"@id\":\"https:\/\/vmezdi.mojweb.com.hr\/index.php\/ponuda\/#primaryimage\",\"url\":\"https:\/\/vmezdi.mojweb.com.hr\/wp-content\/uploads\/2025\/10\/Showtime-Band_Promo-foto_Vodoravna-scaled.jpg\",\"contentUrl\":\"https:\/\/vmezdi.mojweb.com.hr\/wp-content\/uploads\/2025\/10\/Showtime-Band_Promo-foto_Vodoravna-scaled.jpg\",\"width\":2560,\"height\":1704},{\"@type\":\"BreadcrumbList\",\"@id\":\"https:\/\/vmezdi.mojweb.com.hr\/index.php\/ponuda\/#breadcrumb\",\"itemListElement\":[{\"@type\":\"ListItem\",\"position\":1,\"name\":\"Home\",\"item\":\"https:\/\/vmezdi.mojweb.com.hr\/\"},{\"@type\":\"ListItem\",\"position\":2,\"name\":\"Ponuda\"}]},{\"@type\":\"WebSite\",\"@id\":\"https:\/\/vmezdi.mojweb.com.hr\/#website\",\"url\":\"https:\/\/vmezdi.mojweb.com.hr\/\",\"name\":\"Showtime Band\",\"description\":\"Slu\u017ebena stranica benda za svadbe, evente i koncerte.\",\"publisher\":{\"@id\":\"https:\/\/vmezdi.mojweb.com.hr\/#organization\"},\"potentialAction\":[{\"@type\":\"SearchAction\",\"target\":{\"@type\":\"EntryPoint\",\"urlTemplate\":\"https:\/\/vmezdi.mojweb.com.hr\/?s={search_term_string}\"},\"query-input\":{\"@type\":\"PropertyValueSpecification\",\"valueRequired\":true,\"valueName\":\"search_term_string\"}}],\"inLanguage\":\"en-US\"},{\"@type\":\"Organization\",\"@id\":\"https:\/\/vmezdi.mojweb.com.hr\/#organization\",\"name\":\"Showtime Band\",\"url\":\"https:\/\/vmezdi.mojweb.com.hr\/\",\"logo\":{\"@type\":\"ImageObject\",\"inLanguage\":\"en-US\",\"@id\":\"https:\/\/vmezdi.mojweb.com.hr\/#\/schema\/logo\/image\/\",\"url\":\"https:\/\/vmezdi.mojweb.com.hr\/wp-content\/uploads\/2025\/10\/Showtime-Digital_Logotip-Full-C.png\",\"contentUrl\":\"https:\/\/vmezdi.mojweb.com.hr\/wp-content\/uploads\/2025\/10\/Showtime-Digital_Logotip-Full-C.png\",\"width\":1755,\"height\":1241,\"caption\":\"Showtime Band\"},\"image\":{\"@id\":\"https:\/\/vmezdi.mojweb.com.hr\/#\/schema\/logo\/image\/\"}}]}<\/script>\n<!-- \/ Yoast SEO plugin. -->","yoast_head_json":{"title":"Ponuda - Showtime Band","robots":{"index":"index","follow":"follow","max-snippet":"max-snippet:-1","max-image-preview":"max-image-preview:large","max-video-preview":"max-video-preview:-1"},"canonical":"https:\/\/vmezdi.mojweb.com.hr\/index.php\/ponuda\/","og_locale":"en_US","og_type":"article","og_title":"Ponuda - Showtime Band","og_description":"Kada organizirate zabavu, posebice vjen\u010danje, bitno je da va\u0161i gosti u\u017eivaju, a glazba ima klju\u010dnu ulogu u tome. Ako se raspitate kod ljudi koji su ve\u0107 organizirali vjen\u010danja ili su bili na mnogima, uvijek \u0107ete \u010duti istu stvar: kada odaberete pravu glazbu, obavili ste pola posla. Odaberite band s kojim se dobro sla\u017eete i koji [&hellip;]","og_url":"https:\/\/vmezdi.mojweb.com.hr\/index.php\/ponuda\/","og_site_name":"Showtime Band","article_modified_time":"2025-10-16T18:54:55+00:00","og_image":[{"width":2560,"height":1704,"url":"https:\/\/vmezdi.mojweb.com.hr\/wp-content\/uploads\/2025\/10\/Showtime-Band_Promo-foto_Vodoravna-scaled.jpg","type":"image\/jpeg"}],"twitter_card":"summary_large_image","twitter_misc":{"Est. reading time":"2 minutes"},"schema":{"@context":"https:\/\/schema.org","@graph":[{"@type":"WebPage","@id":"https:\/\/vmezdi.mojweb.com.hr\/index.php\/ponuda\/","url":"https:\/\/vmezdi.mojweb.com.hr\/index.php\/ponuda\/","name":"Ponuda - Showtime Band","isPartOf":{"@id":"https:\/\/vmezdi.mojweb.com.hr\/#website"},"primaryImageOfPage":{"@id":"https:\/\/vmezdi.mojweb.com.hr\/index.php\/ponuda\/#primaryimage"},"image":{"@id":"https:\/\/vmezdi.mojweb.com.hr\/index.php\/ponuda\/#primaryimage"},"thumbnailUrl":"https:\/\/vmezdi.mojweb.com.hr\/wp-content\/uploads\/2025\/10\/Showtime-Band_Promo-foto_Vodoravna-scaled.jpg","datePublished":"2025-10-16T16:59:17+00:00","dateModified":"2025-10-16T18:54:55+00:00","breadcrumb":{"@id":"https:\/\/vmezdi.mojweb.com.hr\/index.php\/ponuda\/#breadcrumb"},"inLanguage":"en-US","potentialAction":[{"@type":"ReadAction","target":["https:\/\/vmezdi.mojweb.com.hr\/index.php\/ponuda\/"]}]},{"@type":"ImageObject","inLanguage":"en-US","@id":"https:\/\/vmezdi.mojweb.com.hr\/index.php\/ponuda\/#primaryimage","url":"https:\/\/vmezdi.mojweb.com.hr\/wp-content\/uploads\/2025\/10\/Showtime-Band_Promo-foto_Vodoravna-scaled.jpg","contentUrl":"https:\/\/vmezdi.mojweb.com.hr\/wp-content\/uploads\/2025\/10\/Showtime-Band_Promo-foto_Vodoravna-scaled.jpg","width":2560,"height":1704},{"@type":"BreadcrumbList","@id":"https:\/\/vmezdi.mojweb.com.hr\/index.php\/ponuda\/#breadcrumb","itemListElement":[{"@type":"ListItem","position":1,"name":"Home","item":"https:\/\/vmezdi.mojweb.com.hr\/"},{"@type":"ListItem","position":2,"name":"Ponuda"}]},{"@type":"WebSite","@id":"https:\/\/vmezdi.mojweb.com.hr\/#website","url":"https:\/\/vmezdi.mojweb.com.hr\/","name":"Showtime Band","description":"Slu\u017ebena stranica benda za svadbe, evente i koncerte.","publisher":{"@id":"https:\/\/vmezdi.mojweb.com.hr\/#organization"},"potentialAction":[{"@type":"SearchAction","target":{"@type":"EntryPoint","urlTemplate":"https:\/\/vmezdi.mojweb.com.hr\/?s={search_term_string}"},"query-input":{"@type":"PropertyValueSpecification","valueRequired":true,"valueName":"search_term_string"}}],"inLanguage":"en-US"},{"@type":"Organization","@id":"https:\/\/vmezdi.mojweb.com.hr\/#organization","name":"Showtime Band","url":"https:\/\/vmezdi.mojweb.com.hr\/","logo":{"@type":"ImageObject","inLanguage":"en-US","@id":"https:\/\/vmezdi.mojweb.com.hr\/#\/schema\/logo\/image\/","url":"https:\/\/vmezdi.mojweb.com.hr\/wp-content\/uploads\/2025\/10\/Showtime-Digital_Logotip-Full-C.png","contentUrl":"https:\/\/vmezdi.mojweb.com.hr\/wp-content\/uploads\/2025\/10\/Showtime-Digital_Logotip-Full-C.png","width":1755,"height":1241,"caption":"Showtime Band"},"image":{"@id":"https:\/\/vmezdi.mojweb.com.hr\/#\/schema\/logo\/image\/"}}]}},"_links":{"self":[{"href":"https:\/\/vmezdi.mojweb.com.hr\/index.php\/wp-json\/wp\/v2\/pages\/39","targetHints":{"allow":["GET"]}}],"collection":[{"href":"https:\/\/vmezdi.mojweb.com.hr\/index.php\/wp-json\/wp\/v2\/pages"}],"about":[{"href":"https:\/\/vmezdi.mojweb.com.hr\/index.php\/wp-json\/wp\/v2\/types\/page"}],"author":[{"embeddable":true,"href":"https:\/\/vmezdi.mojweb.com.hr\/index.php\/wp-json\/wp\/v2\/users\/1"}],"replies":[{"embeddable":true,"href":"https:\/\/vmezdi.mojweb.com.hr\/index.php\/wp-json\/wp\/v2\/comments?post=39"}],"version-history":[{"count":10,"href":"https:\/\/vmezdi.mojweb.com.hr\/index.php\/wp-json\/wp\/v2\/pages\/39\/revisions"}],"predecessor-version":[{"id":81,"href":"https:\/\/vmezdi.mojweb.com.hr\/index.php\/wp-json\/wp\/v2\/pages\/39\/revisions\/81"}],"wp:featuredmedia":[{"embeddable":true,"href":"https:\/\/vmezdi.mojweb.com.hr\/index.php\/wp-json\/wp\/v2\/media\/13"}],"wp:attachment":[{"href":"https:\/\/vmezdi.mojweb.com.hr\/index.php\/wp-json\/wp\/v2\/media?parent=39"}],"curies":[{"name":"wp","href":"https:\/\/api.w.org\/{rel}","templated":true}]}}